 prime factors of b.
3, 5
Suppose -28 = -5*h - 8. Suppose 5*i = h*b - 12, 3*b + i - 9 = 3*i. Suppose z = b*j + 57, z + 3*j + 0*j - 69 = 0. List the prime factors of z.
3, 7
Let n be (80/6)/(17/102). Let z be 100/n*2*508. Suppose 5*b - 3*b = -4, -z = -5*u - 5*b. What are the prime factors of u?
2
Suppose 2*i = -3*j + 33, 0 = 4*i + 88*j - 87*j - 51. What are the prime factors of -16*(26/(-6))/(i/36)?
2, 13
Let k = -22352 + 44939. List the prime factors of k.
3, 7529
Let c = 29961 - 5919. List the prime factors of c.
2, 3, 4007
Let o(q) = -28*q**3 - 4*q**2 - 11*q - 2. Let u(i) = 27*i**3 + 3*i**2 + 8*i + 2. Let r(t) = -2*o(t) - 3*u(t). Suppose g = 3 - 4. List the prime factors of r(g).
2, 3
Suppose 0 = 18*o + 30320 - 89324. Let c = -2322 + o. What are the prime factors of c?
2, 239
Let x be (-734)/(-10) - (-4)/(-10) - 5. List the prime factors of (-7 + x/10)*-1355.
271
Let j = 58 - 21. Let s = j - 34. Suppose 0 = 5*f + s*g - 135, -3*g + 22 = 3*f - 53. List the prime factors of f.
2, 3, 5
What are the prime factors of (-56 - -8)*((-2)/11 - (-4150)/(-44))?
2, 3, 7
Suppose 0 = r, -19*o + 20*o - 3830 = 2*r. What are the prime factors of o?
2, 5, 383
Let l(q) = 2*q**2 - 2*q. Let o be l(0). Suppose -2*c + 866 + 1236 = o. List the prime factors of c.
1051
Let f(o) = 60*o - 59. Let z = -42 + 49. What are the prime factors of f(z)?
19
Suppose -53*i - 2614692 = -75*i - 87*i. What are the prime factors of i?
2, 3, 1999
What are the prime factors of (-60)/110 - (-226634)/22?
10301
Let l(a) = -32*a - 33. Suppose 4*m - 135 + 41 = 2*n, -3*n = 2*m - 35. Suppose m + 32 = -6*t. What are the prime factors of l(t)?
3, 5, 17
Suppose 30 = w - 2*i, 3*w - 2*i - 114 = -w. Suppose 0*k + w*k - 1708 = 0. List the prime factors of k.
61
Let b(i) be the third derivative of 11*i**4/6 - 4*i**3 - 43*i**2. What are the prime factors of b(7)?
2, 71
Let t = -4778 - -8252. List the prime factors of t.
2, 3, 193
Suppose 6958 + 602 = 5*k + 5*n, -n = 3*k - 4544. List the prime factors of (k/(-3))/((-120)/180).
2, 379
Let n(f) = -15*f - 8. Suppose 26 + 13 = 3*w. Suppose w = 6*m + 49. List the prime factors of n(m).
2, 41
Let p(l) = 181 + 2*l - 205 + l. Let v be p(8). Suppose v = 2*d - 4*d + 3*k + 416, d + k = 218. List the prime factors of d.
2, 107
Let g be (-477)/6*(-30)/45. Suppose m = -g + 643. List the prime factors of m.
2, 5, 59
Suppose -m - 3*m + 24 = 0. Let v(b) = -b**2 + 92*b - 651. Let g be v(8). Suppose -4*y - 3*l + g = 0, 0 = -y - 6*l + 3*l - m. What are the prime factors of y?
3
Let g(w) = -840*w + 1587. List the prime factors of g(-6).
3, 47
Let x(j) = -8*j**2 + 16*j - 5. Let h(a) = 5*a**2 - 5*a**2 - 16*a + 9 - 15*a + 16*a**2. Let k(u) = 3*h(u) + 5*x(u). What are the prime factors of k(3)?
5, 7
Suppose 5*b - 2*f - 31 = 42, -2*b + 5*f + 25 = 0. Suppose 5*z - b = -5. List the prime factors of 222/(z + (2 - 2)).
3, 37
Suppose 513*j - 260*j = 259*j - 218880. List the prime factors of j.
2, 3, 5, 19
Suppose 0 = 5*a - 4*y - 2059, a + 2*y + 2675 = 3084. What are the prime factors of a?
3, 137
Suppose 8*x = -2*x + 2980. Suppose 27*f + x = 25*f. Let m = -61 - f. List the prime factors of m.
2, 11
Let o = -65 + 65. Suppose o = -17*s + 5*s + 180. Suppose -s*w + 14*w + 172 = 0. List the prime factors of w.
2, 43
Let v be 19145/(-14) - 4 - (-1)/2. Let t = 2355 + v. List the prime factors of t.
2, 3, 41
Let w(o) be the second derivative of o**5/20 - o**4/12 - 5*o**3/3 + 16*o**2 + 2*o + 36. What are the prime factors of w(8)?
2, 5
Suppose 5562 - 2326 = -4*o. Let a = 9 - o. What are the prime factors of a?
2, 409
Let j(n) = -58*n**3 - 4*n**2 - 9*n - 7. Let h be j(-3). Let p = h + -1090. Suppose -17*c = -21*c + p. List the prime factors of c.
5, 23
Let v be (2 - 0)/((-7)/(41 + 1)). Let w(b) = 2*b + 129. List the prime factors of w(v).
3, 5, 7
Suppose 2*t - 12 = -4. Let m(p) = 8*p + 157. Let n be m(-19). Suppose -k + 40 = n*u + k, t*u - 2*k = 50. List the prime factors of u.
2, 5
Let f(n) = -n**2 + 12*n - 20. Let y be f(10). Suppose y = -2*t + 2 + 6. Suppose 4*s + b = 28, -s = -0*s + 3*b + t. What are the prime factors of s?
2
Let x = -34 + -44. Let b = 188 + x. Let l = -36 + b. List the prime factors of l.
2, 37
Suppose 32 = -5*k + 13*k. Suppose 0 = 2*j + s - 3, -14 = k*s + 6. Suppose -j*v + 611 = -29. List the prime factors of v.
2, 5
Suppose 5*a = -5*q + 101165, 10*q - 4*q - 3*a - 121434 = 0. List the prime factors of q.
7, 59
Let h = 134 - 126. Suppose 4*i - h = -2*y, -4*y = 3*i - 0*y - 6. List the prime factors of -6 + 312/16 - 1/i.
13
Let l be (-2 + (-3 - -2 - -3))/(-1). List the prime factors of -6 - l - (-569 - -27).
2, 67
Suppose -643 = -5*f + 387. Let u = 513 - f. List the prime factors of u.
307
Let t be ((-2)/7)/((-6)/18186). Let n = t - 383. What are the prime factors of n?
3, 7, 23
Let r(c) = 19*c**3 - 22*c**2 + 112*c + 12. List the prime factors of r(9).
3, 4363
Suppose 14*p - 21*p = 27*p - 427686. What are the prime factors of p?
3, 7, 599
Let i be 0 + 1 + (11 - 9). Suppose i*m + 2*m + 155 = 0. Let r = m - -38. List the prime factors of r.
7
Suppose -25*o - 1370 + 5570 = 0. Suppose -5*j - 4*m = -1921, j = 4*m - o + 557. List the prime factors of j.
5, 7, 11
Let w(f) = f**3 + 9*f**2 - 23*f - 6. Let a be w(-11). List the prime factors of -1462*(-6)/12 + -1 + a.
3, 5, 7
Let z be -2 + 162 + -5 + 1. Let y = z + -20. List the prime factors of y.
2, 17
Suppose 4*z - 4*t = -336, 3*z - 2*t = -111 - 146. Let c = z + 748. What are the prime factors of c?
659
Let c = -51659 - -86102. List the prime factors of c.
3, 43, 89
Let p(d) = -129 - 93 + 33 - 6*d - 43*d. List the prime factors of p(-13).
2, 7
Suppose n - 5 = 5*x, 2*x - 19 = -3*n - 4. Let t(j) = 2*j**2 + 171. List the prime factors of t(x).
3, 19
Let i be -2 + 1 + (3 - 1)*1. Let u be (3 - 6)*i - (0 - 8). Suppose 3*n - 358 = -3*w + 7*w, 3*n + u*w = 403. What are the prime factors of n?
2, 3, 7
List the prime factors of 9/(27/(-300))*((-10075)/(-20))/(-5).
5, 13, 31
Suppose -86847 = -2*i + 5*z, 3602*z - 3604*z + 217132 = 5*i. List the prime factors of i.
2, 21713
Suppose 15*h = 61*h + 36846. Let q = h + 1304. What are the prime factors of q?
503
Suppose s - 2485 = -w, -6305 = -5*s - 3*w + 6130. What are the prime factors of s?
2, 3, 5, 83
Suppose 3*u = -u + 24. Suppose 0 = i - 27 - u. Let y = i + 32. List the prime factors of y.
5, 13
Let v be 4/14 + 291472/28. Suppose -v = h - 16*h. List the prime factors of h.
2, 347
Let q be (-7)/28 - 757/(-4). Let w = q - 131. List the prime factors of w.
2, 29
Let w be (-14 - 58)*(-87)/9. Suppose 0 = -c + l + 5 - 3, 0 = l - 4. What are the prime factors of c/4*w/9?
2, 29
Suppose 95 = m + 83. Suppose 0 = i + 3*i - m. Suppose -560 = -5*j + 5*w, -2*w + 318 = i*j + 7. What are the prime factors of j?
107
Suppose -12*t + 22 = -158. Let c(x) = 74*x + 80. What are the prime factors of c(t)?
2, 5, 7, 17
Suppose -2*f + 3696 = 44*t - 43*t, 3*t - 1853 = -f. What are the prime factors of f?
1847
Let c(j) = -3*j + 53. Let z be c(16). What are the prime factors of 1629/z + (-4 - 32/(-10))?
5, 13
Suppose -2*x - 2*x = -x. Suppose 3*p - 3*j = -2*j + 1130, x = p - 2*j - 370. List the prime factors of p.
2, 3, 7
Suppose 3*p + 2*p + i - 3198 = 0, 3*p - 1914 = i. Let h = 138 + p. List the prime factors of h.
3, 7, 37
Let x(m) = 22*m**2 + 3*m - 1. Let w(o) = o**2 - 13*o + 9. Let f be w(12). Let t be x(f). Let a = -113 + t. What are the prime factors of a?
3, 5
Suppose -75*r = 21*r - 494208. What are the prime factors of r?
2, 3, 11, 13
Let h(x) = 0*x**2 + 2*x**3 - 3*x**3 + 7 + 2*x**2 - 2. Let g be h(0). Suppose g*y + 59 = 374. What are the prime factors of y?
3, 7
Let b(i) = -47*i**3 + 4*i**2 + 5*i + 2. Let j be b(-2). Suppose -f = 3*z + 3*f - 1133, -5*f - j = -z. What are the prime factors of z?
379
Let j = 387 + -220. Suppose 5*o = c - 106, 3*c - c - o = j. Let r = -46 + c. What are the prime factors of r?
5, 7
Let k(c) = -c**2 - 7*c + 7. Let r = 98 - 86. Let t be (17 + 4)*(-4)/r. List the prime factors of k(t).
7
What are the prime factors of (-2 - (0 - -154242))*(-80)/160?
2, 38561
Let j be (-282)/(-235)*((2 - -111) + 2). Let x = j + 67. List the prime factors of x.
5, 41
Suppose -2*i + 2*j = -17564, 4902 = i - 4*j - 3859. List the prime factors of i.
11, 17, 47
Let k(b) = b**3 + 37*b**2 + 37*b + 31. What a